{"id":406,"date":"2023-05-26T19:38:56","date_gmt":"2023-05-26T22:38:56","guid":{"rendered":"https:\/\/denizecolaneri.com\/?page_id=406"},"modified":"2024-05-27T09:34:36","modified_gmt":"2024-05-27T12:34:36","slug":"protocolo-saindo-da-matrix","status":"publish","type":"page","link":"https:\/\/denizecolaneri.com\/?page_id=406","title":{"rendered":"Rescis\u00e3o de Contrato K\u00e1rmico"},"content":{"rendered":"\t\t<div data-elementor-type=\"wp-page\" data-elementor-id=\"406\" class=\"elementor elementor-406\">\n\t\t\t\t\t\t\t\t\t<section class=\"elementor-section elementor-top-section elementor-element elementor-element-dfb9334 elementor-section-boxed elementor-section-height-default elementor-section-height-default\" data-id=\"dfb9334\" data-element_type=\"section\" data-settings=\"{&quot;background_background&quot;:&quot;classic&quot;}\">\n\t\t\t\t\t\t<div class=\"elementor-container elementor-column-gap-default\">\n\t\t\t\t\t<div class=\"elementor-column elementor-col-50 elementor-top-column elementor-element elementor-element-ce6f84d\" data-id=\"ce6f84d\" data-element_type=\"column\" data-settings=\"{&quot;background_background&quot;:&quot;classic&quot;}\">\n\t\t\t<div class=\"elementor-widget-wrap elementor-element-populated\">\n\t\t\t\t\t\t\t\t<div class=\"elementor-element elementor-element-01acfe7 elementor-widget elementor-widget-spacer\" data-id=\"01acfe7\" data-element_type=\"widget\" data-widget_type=\"spacer.default\">\n\t\t\t\t<div class=\"elementor-widget-container\">\n\t\t\t<style>\/*! elementor - v3.14.0 - 26-06-2023 *\/\n.elementor-column .elementor-spacer-inner{height:var(--spacer-size)}.e-con{--container-widget-width:100%}.e-con-inner>.elementor-widget-spacer,.e-con>.elementor-widget-spacer{width:var(--container-widget-width,var(--spacer-size));--align-self:var(--container-widget-align-self,initial);--flex-shrink:0}.e-con-inner>.elementor-widget-spacer>.elementor-widget-container,.e-con-inner>.elementor-widget-spacer>.elementor-widget-container>.elementor-spacer,.e-con>.elementor-widget-spacer>.elementor-widget-container,.e-con>.elementor-widget-spacer>.elementor-widget-container>.elementor-spacer{height:100%}.e-con-inner>.elementor-widget-spacer>.elementor-widget-container>.elementor-spacer>.elementor-spacer-inner,.e-con>.elementor-widget-spacer>.elementor-widget-container>.elementor-spacer>.elementor-spacer-inner{height:var(--container-widget-height,var(--spacer-size))}<\/style>\t\t<div class=\"elementor-spacer\">\n\t\t\t<div class=\"elementor-spacer-inner\"><\/div>\n\t\t<\/div>\n\t\t\t\t<\/div>\n\t\t\t\t<\/div>\n\t\t\t\t<div class=\"elementor-element elementor-element-8ba9d8e elementor-widget elementor-widget-heading\" data-id=\"8ba9d8e\" data-element_type=\"widget\" data-widget_type=\"heading.default\">\n\t\t\t\t<div class=\"elementor-widget-container\">\n\t\t\t<style>\/*! elementor - v3.14.0 - 26-06-2023 *\/\n.elementor-heading-title{padding:0;margin:0;line-height:1}.elementor-widget-heading .elementor-heading-title[class*=elementor-size-]>a{color:inherit;font-size:inherit;line-height:inherit}.elementor-widget-heading .elementor-heading-title.elementor-size-small{font-size:15px}.elementor-widget-heading .elementor-heading-title.elementor-size-medium{font-size:19px}.elementor-widget-heading .elementor-heading-title.elementor-size-large{font-size:29px}.elementor-widget-heading .elementor-heading-title.elementor-size-xl{font-size:39px}.elementor-widget-heading .elementor-heading-title.elementor-size-xxl{font-size:59px}<\/style><h2 class=\"elementor-heading-title elementor-size-default\">RCK<\/h2>\t\t<\/div>\n\t\t\t\t<\/div>\n\t\t\t\t<div class=\"elementor-element elementor-element-fb3f375 elementor-widget elementor-widget-heading\" data-id=\"fb3f375\" data-element_type=\"widget\" data-widget_type=\"heading.default\">\n\t\t\t\t<div class=\"elementor-widget-container\">\n\t\t\t<h2 class=\"elementor-heading-title elementor-size-default\">Rescis\u00e3o de Contrato K\u00e1rmico<\/h2>\t\t<\/div>\n\t\t\t\t<\/div>\n\t\t\t\t<div class=\"elementor-element elementor-element-31fd103 elementor-widget elementor-widget-text-editor\" data-id=\"31fd103\" data-element_type=\"widget\" data-widget_type=\"text-editor.default\">\n\t\t\t\t<div class=\"elementor-widget-container\">\n\t\t\t<style>\/*! elementor - v3.14.0 - 26-06-2023 *\/\n.elementor-widget-text-editor.elementor-drop-cap-view-stacked .elementor-drop-cap{background-color:#69727d;color:#fff}.elementor-widget-text-editor.elementor-drop-cap-view-framed .elementor-drop-cap{color:#69727d;border:3px solid;background-color:transparent}.elementor-widget-text-editor:not(.elementor-drop-cap-view-default) .elementor-drop-cap{margin-top:8px}.elementor-widget-text-editor:not(.elementor-drop-cap-view-default) .elementor-drop-cap-letter{width:1em;height:1em}.elementor-widget-text-editor .elementor-drop-cap{float:left;text-align:center;line-height:1;font-size:50px}.elementor-widget-text-editor .elementor-drop-cap-letter{display:inline-block}<\/style>\t\t\t\t<p>Pagamento parcelado em at\u00e9 10 vezes, no cart\u00e3o de cr\u00e9dito ou boleto, com juros da operadora financeira &#8211; para dividir no cart\u00e3o acesse o bot\u00e3o no fim da p\u00e1gina &#8211; Esses juros n\u00e3o vem para mim, ent\u00e3o n\u00e3o tenho como retir\u00e1-los.<\/p><p>Composto por 01 encontro ao vivo online, por v\u00eddeo chamada de whatsapp, com dura\u00e7\u00e3o de at\u00e9 2 horas cada encontro.<\/p><p>Com agendamento pr\u00e9vio. \u00c9 poss\u00edvel atender aos fins de semana e feriados, basta verificar com anteced\u00eancia, a disponibilidade dos hor\u00e1rios.<\/p><p><b>No 1\u00ba encontro ao vivo online, onde<\/b> realizamos a sua <b>Rescis\u00e3o de Contrato K\u00e1rmico<\/b> (RCK). Essa t\u00e9cnica n\u00e3o ser\u00e1 necess\u00e1rio repetir nunca mais. Basta uma \u00fanica sess\u00e3o.<br \/>Para entender o que \u00e9 a RCK, <a href=\"https:\/\/denizecolaneri.com\/?page_id=178\" target=\"_blank\" rel=\"noopener\">CLIQUE AQUI<\/a>.<\/p><p><b>VOC\u00ca TAMB\u00c9M PODE FAZER A FORMATA\u00c7\u00c3O DA NOVA PERCEP\u00c7\u00c3O:<\/b><\/p><p>\u00a0<\/p><p><b>No 2\u00ba encontro ao vivo online, onde<\/b> faremos a sua <b>Formata\u00e7\u00e3o para a Nova Percep\u00e7\u00e3o de vida<\/b>. Tamb\u00e9m n\u00e3o ser\u00e1 necess\u00e1rio repetir mais, basta uma \u00fanica sess\u00e3o.<\/p><p><b>Aten\u00e7\u00e3o:<\/b> \u00c9 necess\u00e1rio, para os 2 encontros, ter em m\u00e3os, um p\u00eandulo de qualquer material (cristal, madeira ou metal), ou uma gargantilha com pingente, tamb\u00e9m de qualquer material.<\/p>\t\t\t\t\t\t<\/div>\n\t\t\t\t<\/div>\n\t\t\t\t\t<\/div>\n\t\t<\/div>\n\t\t\t\t<div class=\"elementor-column elementor-col-50 elementor-top-column elementor-element elementor-element-1cae264\" data-id=\"1cae264\" data-element_type=\"column\" data-settings=\"{&quot;background_background&quot;:&quot;classic&quot;}\">\n\t\t\t<div class=\"elementor-widget-wrap elementor-element-populated\">\n\t\t\t\t\t\t\t\t<div class=\"elementor-element elementor-element-3f81362 elementor-widget elementor-widget-spacer\" data-id=\"3f81362\" data-element_type=\"widget\" data-widget_type=\"spacer.default\">\n\t\t\t\t<div class=\"elementor-widget-container\">\n\t\t\t\t\t<div class=\"elementor-spacer\">\n\t\t\t<div class=\"elementor-spacer-inner\"><\/div>\n\t\t<\/div>\n\t\t\t\t<\/div>\n\t\t\t\t<\/div>\n\t\t\t\t<div class=\"elementor-element elementor-element-9779d2d elementor-widget elementor-widget-image\" data-id=\"9779d2d\" data-element_type=\"widget\" data-widget_type=\"image.default\">\n\t\t\t\t<div class=\"elementor-widget-container\">\n\t\t\t<style>\/*! elementor - v3.14.0 - 26-06-2023 *\/\n.elementor-widget-image{text-align:center}.elementor-widget-image a{display:inline-block}.elementor-widget-image a img[src$=\".svg\"]{width:48px}.elementor-widget-image img{vertical-align:middle;display:inline-block}<\/style>\t\t\t\t\t\t\t\t\t\t\t\t<img loading=\"lazy\" decoding=\"async\" width=\"768\" height=\"1024\" src=\"https:\/\/denizecolaneri.com\/wp-content\/uploads\/2023\/04\/IMG_20230304_100945-768x1024.jpg\" class=\"attachment-large size-large wp-image-203\" alt=\"\" srcset=\"https:\/\/denizecolaneri.com\/wp-content\/uploads\/2023\/04\/IMG_20230304_100945-768x1024.jpg 768w, https:\/\/denizecolaneri.com\/wp-content\/uploads\/2023\/04\/IMG_20230304_100945-225x300.jpg 225w, https:\/\/denizecolaneri.com\/wp-content\/uploads\/2023\/04\/IMG_20230304_100945-1152x1536.jpg 1152w, https:\/\/denizecolaneri.com\/wp-content\/uploads\/2023\/04\/IMG_20230304_100945-1536x2048.jpg 1536w, https:\/\/denizecolaneri.com\/wp-content\/uploads\/2023\/04\/IMG_20230304_100945-scaled.jpg 1920w\" sizes=\"(max-width: 768px) 100vw, 768px\" \/>\t\t\t\t\t\t\t\t\t\t\t\t\t\t\t<\/div>\n\t\t\t\t<\/div>\n\t\t\t\t\t<\/div>\n\t\t<\/div>\n\t\t\t\t\t\t\t<\/div>\n\t\t<\/section>\n\t\t\t\t<section class=\"elementor-section elementor-top-section elementor-element elementor-element-9c3b50b elementor-section-boxed elementor-section-height-default elementor-section-height-default\" data-id=\"9c3b50b\" data-element_type=\"section\">\n\t\t\t\t\t\t<div class=\"elementor-container elementor-column-gap-default\">\n\t\t\t\t\t<div class=\"elementor-column elementor-col-100 elementor-top-column elementor-element elementor-element-31f936b\" data-id=\"31f936b\" data-element_type=\"column\">\n\t\t\t<div class=\"elementor-widget-wrap elementor-element-populated\">\n\t\t\t\t\t\t\t\t<section class=\"elementor-section elementor-inner-section elementor-element elementor-element-ed03d85 elementor-section-boxed elementor-section-height-default elementor-section-height-default\" data-id=\"ed03d85\" data-element_type=\"section\">\n\t\t\t\t\t\t<div class=\"elementor-container elementor-column-gap-default\">\n\t\t\t\t\t<div class=\"elementor-column elementor-col-50 elementor-inner-column elementor-element elementor-element-2465f93\" data-id=\"2465f93\" data-element_type=\"column\">\n\t\t\t<div class=\"elementor-widget-wrap elementor-element-populated\">\n\t\t\t\t\t\t\t\t<div class=\"elementor-element elementor-element-f1254ce elementor-widget elementor-widget-image\" data-id=\"f1254ce\" data-element_type=\"widget\" data-widget_type=\"image.default\">\n\t\t\t\t<div class=\"elementor-widget-container\">\n\t\t\t\t\t\t\t\t\t\t\t\t\t\t\t<img loading=\"lazy\" decoding=\"async\" width=\"1024\" height=\"1024\" src=\"https:\/\/denizecolaneri.com\/wp-content\/uploads\/2023\/11\/WhatsApp-Image-2023-11-02-at-19.03.59.jpeg\" class=\"attachment-large size-large wp-image-1230\" alt=\"\" srcset=\"https:\/\/denizecolaneri.com\/wp-content\/uploads\/2023\/11\/WhatsApp-Image-2023-11-02-at-19.03.59.jpeg 1024w, https:\/\/denizecolaneri.com\/wp-content\/uploads\/2023\/11\/WhatsApp-Image-2023-11-02-at-19.03.59-300x300.jpeg 300w, https:\/\/denizecolaneri.com\/wp-content\/uploads\/2023\/11\/WhatsApp-Image-2023-11-02-at-19.03.59-150x150.jpeg 150w, https:\/\/denizecolaneri.com\/wp-content\/uploads\/2023\/11\/WhatsApp-Image-2023-11-02-at-19.03.59-768x768.jpeg 768w\" sizes=\"(max-width: 1024px) 100vw, 1024px\" \/>\t\t\t\t\t\t\t\t\t\t\t\t\t\t\t<\/div>\n\t\t\t\t<\/div>\n\t\t\t\t\t<\/div>\n\t\t<\/div>\n\t\t\t\t<div class=\"elementor-column elementor-col-50 elementor-inner-column elementor-element elementor-element-b4ba355\" data-id=\"b4ba355\" data-element_type=\"column\">\n\t\t\t<div class=\"elementor-widget-wrap elementor-element-populated\">\n\t\t\t\t\t\t\t\t<div class=\"elementor-element elementor-element-bcab4c9 elementor-widget elementor-widget-spacer\" data-id=\"bcab4c9\" data-element_type=\"widget\" data-widget_type=\"spacer.default\">\n\t\t\t\t<div class=\"elementor-widget-container\">\n\t\t\t\t\t<div class=\"elementor-spacer\">\n\t\t\t<div class=\"elementor-spacer-inner\"><\/div>\n\t\t<\/div>\n\t\t\t\t<\/div>\n\t\t\t\t<\/div>\n\t\t\t\t<div class=\"elementor-element elementor-element-7a05c0d elementor-widget elementor-widget-heading\" data-id=\"7a05c0d\" data-element_type=\"widget\" data-widget_type=\"heading.default\">\n\t\t\t\t<div class=\"elementor-widget-container\">\n\t\t\t<h4 class=\"elementor-heading-title elementor-size-default\">Rescis\u00e3o de Contrato K\u00e1rmico<\/h4>\t\t<\/div>\n\t\t\t\t<\/div>\n\t\t\t\t<div class=\"elementor-element elementor-element-466dce2 elementor-align-center elementor-invisible elementor-widget elementor-widget-button\" data-id=\"466dce2\" data-element_type=\"widget\" data-settings=\"{&quot;_animation&quot;:&quot;fadeInRight&quot;}\" data-widget_type=\"button.default\">\n\t\t\t\t<div class=\"elementor-widget-container\">\n\t\t\t\t\t<div class=\"elementor-button-wrapper\">\n\t\t\t<a class=\"elementor-button elementor-button-link elementor-size-lg elementor-animation-bounce-in\" href=\"https:\/\/pag.ae\/7-yiXjKzv\">\n\t\t\t\t\t\t<span class=\"elementor-button-content-wrapper\">\n\t\t\t\t\t\t<span class=\"elementor-button-text\">QUERO COMPRAR<\/span>\n\t\t<\/span>\n\t\t\t\t\t<\/a>\n\t\t<\/div>\n\t\t\t\t<\/div>\n\t\t\t\t<\/div>\n\t\t\t\t\t<\/div>\n\t\t<\/div>\n\t\t\t\t\t\t\t<\/div>\n\t\t<\/section>\n\t\t\t\t<div class=\"elementor-element elementor-element-372a1fb elementor-widget elementor-widget-spacer\" data-id=\"372a1fb\" data-element_type=\"widget\" data-widget_type=\"spacer.default\">\n\t\t\t\t<div class=\"elementor-widget-container\">\n\t\t\t\t\t<div class=\"elementor-spacer\">\n\t\t\t<div class=\"elementor-spacer-inner\"><\/div>\n\t\t<\/div>\n\t\t\t\t<\/div>\n\t\t\t\t<\/div>\n\t\t\t\t<div class=\"elementor-element elementor-element-7e80173 elementor-widget elementor-widget-heading\" data-id=\"7e80173\" data-element_type=\"widget\" data-widget_type=\"heading.default\">\n\t\t\t\t<div class=\"elementor-widget-container\">\n\t\t\t<h2 class=\"elementor-heading-title elementor-size-default\">Assista o v\u00eddeo explicativo:<\/h2>\t\t<\/div>\n\t\t\t\t<\/div>\n\t\t\t\t<div class=\"elementor-element elementor-element-0405309 elementor-widget elementor-widget-video\" data-id=\"0405309\" data-element_type=\"widget\" data-settings=\"{&quot;youtube_url&quot;:&quot;https:\\\/\\\/www.youtube.com\\\/watch?v=I0ozvg5IE-U&amp;t=1s&quot;,&quot;video_type&quot;:&quot;youtube&quot;,&quot;controls&quot;:&quot;yes&quot;}\" data-widget_type=\"video.default\">\n\t\t\t\t<div class=\"elementor-widget-container\">\n\t\t\t<style>\/*! elementor - v3.14.0 - 26-06-2023 *\/\n.elementor-widget-video .elementor-widget-container{overflow:hidden;transform:translateZ(0)}.elementor-widget-video .elementor-wrapper{aspect-ratio:var(--video-aspect-ratio)}.elementor-widget-video .elementor-wrapper iframe,.elementor-widget-video .elementor-wrapper video{height:100%;width:100%;display:flex;border:none;background-color:#000}@supports not (aspect-ratio:1\/1){.elementor-widget-video .elementor-wrapper{position:relative;overflow:hidden;height:0;padding-bottom:calc(100% \/ var(--video-aspect-ratio))}.elementor-widget-video .elementor-wrapper iframe,.elementor-widget-video .elementor-wrapper video{position:absolute;top:0;right:0;bottom:0;left:0}}.elementor-widget-video .elementor-open-inline .elementor-custom-embed-image-overlay{position:absolute;top:0;left:0;width:100%;height:100%;background-size:cover;background-position:50%}.elementor-widget-video .elementor-custom-embed-image-overlay{cursor:pointer;text-align:center}.elementor-widget-video .elementor-custom-embed-image-overlay:hover .elementor-custom-embed-play i{opacity:1}.elementor-widget-video .elementor-custom-embed-image-overlay img{display:block;width:100%}.elementor-widget-video .e-hosted-video .elementor-video{-o-object-fit:cover;object-fit:cover}.e-con-inner>.elementor-widget-video,.e-con>.elementor-widget-video{width:var(--container-widget-width);--flex-grow:var(--container-widget-flex-grow)}<\/style>\t\t<div class=\"elementor-wrapper elementor-open-inline\">\n\t\t\t<div class=\"elementor-video\"><\/div>\t\t<\/div>\n\t\t\t\t<\/div>\n\t\t\t\t<\/div>\n\t\t\t\t<div class=\"elementor-element elementor-element-523ee92 elementor-widget elementor-widget-heading\" data-id=\"523ee92\" data-element_type=\"widget\" data-widget_type=\"heading.default\">\n\t\t\t\t<div class=\"elementor-widget-container\">\n\t\t\t<h4 class=\"elementor-heading-title elementor-size-default\">Ainda est\u00e1 com d\u00favidas?<\/h4>\t\t<\/div>\n\t\t\t\t<\/div>\n\t\t\t\t<div class=\"elementor-element elementor-element-0ad2819 elementor-view-default elementor-invisible elementor-widget elementor-widget-icon\" data-id=\"0ad2819\" data-element_type=\"widget\" data-settings=\"{&quot;_animation&quot;:&quot;bounceIn&quot;}\" data-widget_type=\"icon.default\">\n\t\t\t\t<div class=\"elementor-widget-container\">\n\t\t\t\t\t<div class=\"elementor-icon-wrapper\">\n\t\t\t<div class=\"elementor-icon\">\n\t\t\t<i aria-hidden=\"true\" class=\"fab fa-whatsapp-square\"><\/i>\t\t\t<\/div>\n\t\t<\/div>\n\t\t\t\t<\/div>\n\t\t\t\t<\/div>\n\t\t\t\t<div class=\"elementor-element elementor-element-d1d4848 elementor-align-center elementor-invisible elementor-widget elementor-widget-button\" data-id=\"d1d4848\" data-element_type=\"widget\" data-settings=\"{&quot;_animation&quot;:&quot;zoomIn&quot;}\" data-widget_type=\"button.default\">\n\t\t\t\t<div class=\"elementor-widget-container\">\n\t\t\t\t\t<div class=\"elementor-button-wrapper\">\n\t\t\t<a class=\"elementor-button elementor-button-link elementor-size-sm\" href=\"https:\/\/api.whatsapp.com\/send?phone=5512988717077&#038;text=Ol%C3%A1%20Denize,%20vim%20pelo%20site.%20\">\n\t\t\t\t\t\t<span class=\"elementor-button-content-wrapper\">\n\t\t\t\t\t\t<span class=\"elementor-button-text\">Me Chama<\/span>\n\t\t<\/span>\n\t\t\t\t\t<\/a>\n\t\t<\/div>\n\t\t\t\t<\/div>\n\t\t\t\t<\/div>\n\t\t\t\t<div class=\"elementor-element elementor-element-bfba99f elementor-widget elementor-widget-image\" data-id=\"bfba99f\" data-element_type=\"widget\" data-widget_type=\"image.default\">\n\t\t\t\t<div class=\"elementor-widget-container\">\n\t\t\t\t\t\t\t\t\t\t\t\t\t\t\t<img loading=\"lazy\" decoding=\"async\" width=\"1024\" height=\"1024\" src=\"https:\/\/denizecolaneri.com\/wp-content\/uploads\/2023\/11\/WhatsApp-Image-2023-11-02-at-19.03.27.jpeg\" class=\"attachment-large size-large wp-image-1229\" alt=\"\" srcset=\"https:\/\/denizecolaneri.com\/wp-content\/uploads\/2023\/11\/WhatsApp-Image-2023-11-02-at-19.03.27.jpeg 1024w, https:\/\/denizecolaneri.com\/wp-content\/uploads\/2023\/11\/WhatsApp-Image-2023-11-02-at-19.03.27-300x300.jpeg 300w, https:\/\/denizecolaneri.com\/wp-content\/uploads\/2023\/11\/WhatsApp-Image-2023-11-02-at-19.03.27-150x150.jpeg 150w, https:\/\/denizecolaneri.com\/wp-content\/uploads\/2023\/11\/WhatsApp-Image-2023-11-02-at-19.03.27-768x768.jpeg 768w\" sizes=\"(max-width: 1024px) 100vw, 1024px\" \/>\t\t\t\t\t\t\t\t\t\t\t\t\t\t\t<\/div>\n\t\t\t\t<\/div>\n\t\t\t\t\t<\/div>\n\t\t<\/div>\n\t\t\t\t\t\t\t<\/div>\n\t\t<\/section>\n\t\t\t\t\t\t\t<\/div>\n\t\t","protected":false},"excerpt":{"rendered":"<p>RCK Rescis\u00e3o de Contrato K\u00e1rmico Pagamento parcelado em at\u00e9 10 vezes, no cart\u00e3o de cr\u00e9dito ou boleto, com juros da operadora financeira &#8211; para dividir no cart\u00e3o acesse o bot\u00e3o no fim da p\u00e1gina &#8211; Esses juros n\u00e3o vem para mim, ent\u00e3o n\u00e3o tenho como retir\u00e1-los. Composto por 01 encontro ao vivo online, por v\u00eddeo &hellip;<\/p>\n<p class=\"read-more\"> <a class=\"\" href=\"https:\/\/denizecolaneri.com\/?page_id=406\"> <span class=\"screen-reader-text\">Rescis\u00e3o de Contrato K\u00e1rmico<\/span> Leia mais &raquo;<\/a><\/p>\n","protected":false},"author":1,"featured_media":0,"parent":0,"menu_order":0,"comment_status":"closed","ping_status":"closed","template":"","meta":{"site-sidebar-layout":"no-sidebar","site-content-layout":"page-builder","ast-global-header-display":"","ast-main-header-display":"","ast-hfb-above-header-display":"","ast-hfb-below-header-display":"","ast-hfb-mobile-header-display":"","site-post-title":"disabled","ast-breadcrumbs-content":"","ast-featured-img":"disabled","footer-sml-layout":"","theme-transparent-header-meta":"","adv-header-id-meta":"","stick-header-meta":"","header-above-stick-meta":"","header-main-stick-meta":"","header-below-stick-meta":"","footnotes":""},"class_list":["post-406","page","type-page","status-publish","hentry"],"_links":{"self":[{"href":"https:\/\/denizecolaneri.com\/index.php?rest_route=\/wp\/v2\/pages\/406"}],"collection":[{"href":"https:\/\/denizecolaneri.com\/index.php?rest_route=\/wp\/v2\/pages"}],"about":[{"href":"https:\/\/denizecolaneri.com\/index.php?rest_route=\/wp\/v2\/types\/page"}],"author":[{"embeddable":true,"href":"https:\/\/denizecolaneri.com\/index.php?rest_route=\/wp\/v2\/users\/1"}],"replies":[{"embeddable":true,"href":"https:\/\/denizecolaneri.com\/index.php?rest_route=%2Fwp%2Fv2%2Fcomments&post=406"}],"version-history":[{"count":81,"href":"https:\/\/denizecolaneri.com\/index.php?rest_route=\/wp\/v2\/pages\/406\/revisions"}],"predecessor-version":[{"id":2116,"href":"https:\/\/denizecolaneri.com\/index.php?rest_route=\/wp\/v2\/pages\/406\/revisions\/2116"}],"wp:attachment":[{"href":"https:\/\/denizecolaneri.com\/index.php?rest_route=%2Fwp%2Fv2%2Fmedia&parent=406"}],"curies":[{"name":"wp","href":"https:\/\/api.w.org\/{rel}","templated":true}]}}