{"id":806,"date":"2023-06-26T10:11:56","date_gmt":"2023-06-26T13:11:56","guid":{"rendered":"https:\/\/denizecolaneri.com\/?page_id=806"},"modified":"2024-06-06T11:12:52","modified_gmt":"2024-06-06T14:12:52","slug":"mesa-divorcio-energetico","status":"publish","type":"page","link":"https:\/\/denizecolaneri.com\/?page_id=806","title":{"rendered":"Mesa para Div\u00f3rcio Energ\u00e9tico"},"content":{"rendered":"\t\t<div data-elementor-type=\"wp-page\" data-elementor-id=\"806\" class=\"elementor elementor-806\">\n\t\t\t\t\t\t\t\t\t<section class=\"elementor-section elementor-top-section elementor-element elementor-element-fa1bc37 elementor-section-boxed elementor-section-height-default elementor-section-height-default\" data-id=\"fa1bc37\" data-element_type=\"section\" data-settings=\"{&quot;background_background&quot;:&quot;classic&quot;}\">\n\t\t\t\t\t\t<div class=\"elementor-container elementor-column-gap-default\">\n\t\t\t\t\t<div class=\"elementor-column elementor-col-100 elementor-top-column elementor-element elementor-element-73c01d1\" data-id=\"73c01d1\" data-element_type=\"column\">\n\t\t\t<div class=\"elementor-widget-wrap elementor-element-populated\">\n\t\t\t\t\t\t\t\t<div class=\"elementor-element elementor-element-e06b3bb elementor-widget elementor-widget-heading\" data-id=\"e06b3bb\" data-element_type=\"widget\" data-widget_type=\"heading.default\">\n\t\t\t\t<div class=\"elementor-widget-container\">\n\t\t\t<style>\/*! elementor - v3.14.0 - 26-06-2023 *\/\n.elementor-heading-title{padding:0;margin:0;line-height:1}.elementor-widget-heading .elementor-heading-title[class*=elementor-size-]>a{color:inherit;font-size:inherit;line-height:inherit}.elementor-widget-heading .elementor-heading-title.elementor-size-small{font-size:15px}.elementor-widget-heading .elementor-heading-title.elementor-size-medium{font-size:19px}.elementor-widget-heading .elementor-heading-title.elementor-size-large{font-size:29px}.elementor-widget-heading .elementor-heading-title.elementor-size-xl{font-size:39px}.elementor-widget-heading .elementor-heading-title.elementor-size-xxl{font-size:59px}<\/style><h2 class=\"elementor-heading-title elementor-size-default\">Mesa para Div\u00f3rcio Energ\u00e9tico<\/h2>\t\t<\/div>\n\t\t\t\t<\/div>\n\t\t\t\t<div class=\"elementor-element elementor-element-d881ae2 elementor-align-center elementor-invisible elementor-widget elementor-widget-button\" data-id=\"d881ae2\" data-element_type=\"widget\" data-settings=\"{&quot;_animation&quot;:&quot;slideInDown&quot;}\" data-widget_type=\"button.default\">\n\t\t\t\t<div class=\"elementor-widget-container\">\n\t\t\t\t\t<div class=\"elementor-button-wrapper\">\n\t\t\t<a class=\"elementor-button elementor-button-link elementor-size-lg elementor-animation-pulse\" href=\"http:\/\/pag.ae\/7-yhcECVv\">\n\t\t\t\t\t\t<span class=\"elementor-button-content-wrapper\">\n\t\t\t\t\t\t<span class=\"elementor-button-text\">QUERO COMPRAR<\/span>\n\t\t<\/span>\n\t\t\t\t\t<\/a>\n\t\t<\/div>\n\t\t\t\t<\/div>\n\t\t\t\t<\/div>\n\t\t\t\t<section class=\"elementor-section elementor-inner-section elementor-element elementor-element-ea788f8 elementor-section-boxed elementor-section-height-default elementor-section-height-default\" data-id=\"ea788f8\" data-element_type=\"section\">\n\t\t\t\t\t\t<div class=\"elementor-container elementor-column-gap-default\">\n\t\t\t\t\t<div class=\"elementor-column elementor-col-100 elementor-inner-column elementor-element elementor-element-f16e7b7\" data-id=\"f16e7b7\" data-element_type=\"column\">\n\t\t\t<div class=\"elementor-widget-wrap elementor-element-populated\">\n\t\t\t\t\t\t\t\t<div class=\"elementor-element elementor-element-6813c97 elementor-widget elementor-widget-image\" data-id=\"6813c97\" data-element_type=\"widget\" data-widget_type=\"image.default\">\n\t\t\t\t<div class=\"elementor-widget-container\">\n\t\t\t<style>\/*! elementor - v3.14.0 - 26-06-2023 *\/\n.elementor-widget-image{text-align:center}.elementor-widget-image a{display:inline-block}.elementor-widget-image a img[src$=\".svg\"]{width:48px}.elementor-widget-image img{vertical-align:middle;display:inline-block}<\/style>\t\t\t\t\t\t\t\t\t\t\t\t<img loading=\"lazy\" decoding=\"async\" width=\"1024\" height=\"1024\" src=\"https:\/\/denizecolaneri.com\/wp-content\/uploads\/2023\/11\/WhatsApp-Image-2023-11-03-at-22.41.34.jpeg\" class=\"attachment-large size-large wp-image-1276\" alt=\"\" srcset=\"https:\/\/denizecolaneri.com\/wp-content\/uploads\/2023\/11\/WhatsApp-Image-2023-11-03-at-22.41.34.jpeg 1024w, https:\/\/denizecolaneri.com\/wp-content\/uploads\/2023\/11\/WhatsApp-Image-2023-11-03-at-22.41.34-300x300.jpeg 300w, https:\/\/denizecolaneri.com\/wp-content\/uploads\/2023\/11\/WhatsApp-Image-2023-11-03-at-22.41.34-150x150.jpeg 150w, https:\/\/denizecolaneri.com\/wp-content\/uploads\/2023\/11\/WhatsApp-Image-2023-11-03-at-22.41.34-768x768.jpeg 768w\" sizes=\"(max-width: 1024px) 100vw, 1024px\" \/>\t\t\t\t\t\t\t\t\t\t\t\t\t\t\t<\/div>\n\t\t\t\t<\/div>\n\t\t\t\t\t<\/div>\n\t\t<\/div>\n\t\t\t\t\t\t\t<\/div>\n\t\t<\/section>\n\t\t\t\t<div class=\"elementor-element elementor-element-dc7454f elementor-widget elementor-widget-text-editor\" data-id=\"dc7454f\" data-element_type=\"widget\" data-widget_type=\"text-editor.default\">\n\t\t\t\t<div class=\"elementor-widget-container\">\n\t\t\t<style>\/*! elementor - v3.14.0 - 26-06-2023 *\/\n.elementor-widget-text-editor.elementor-drop-cap-view-stacked .elementor-drop-cap{background-color:#69727d;color:#fff}.elementor-widget-text-editor.elementor-drop-cap-view-framed .elementor-drop-cap{color:#69727d;border:3px solid;background-color:transparent}.elementor-widget-text-editor:not(.elementor-drop-cap-view-default) .elementor-drop-cap{margin-top:8px}.elementor-widget-text-editor:not(.elementor-drop-cap-view-default) .elementor-drop-cap-letter{width:1em;height:1em}.elementor-widget-text-editor .elementor-drop-cap{float:left;text-align:center;line-height:1;font-size:50px}.elementor-widget-text-editor .elementor-drop-cap-letter{display:inline-block}<\/style>\t\t\t\t<p>A <strong>Mesa do Div\u00f3rcio Energ\u00e9tico dos Anjos da Cria\u00e7\u00e3o<\/strong> \u00e9 uma ferramenta terap\u00eautica que utiliza a energia dos quatro anjos da cria\u00e7\u00e3o: Miguel, Rafael, Gabriel e Uriel para romper os la\u00e7os energ\u00e9ticos que ainda mant\u00eam as pessoas ligadas aos seus ex-parceiros.<\/p><p>Esses la\u00e7os podem gerar sofrimento, depend\u00eancia, m\u00e1goas e bloqueios na vida amorosa.<\/p><p>Ela funciona como um ritual de limpeza e liberta\u00e7\u00e3o, que permite que as pessoas se desapeguem do passado e se abram para novas possibilidades no amor.<\/p><p>A mesa \u00e9 composta por s\u00edmbolos, cores e n\u00fameros que representam os Anjos da Cria\u00e7\u00e3o e as suas fun\u00e7\u00f5es.<\/p><p>A terapeuta que aplica a <strong>Mesa do Div\u00f3rcio Energ\u00e9tico dos Anjos da Cria\u00e7\u00e3o<\/strong> utiliza um p\u00eandulo para identificar e cortar os cord\u00f5es energ\u00e9ticos que ligam as pessoas aos seus ex-parceiros.<\/p><p>Em seguida, ela devolve os fragmentos de alma que ficaram com o ex e resgata os fragmentos de alma que ficaram com o cliente.<\/p><p>Por fim, ela transmuta as cren\u00e7as limitantes que impedem a(o) cliente de se libertar e se amar.<\/p><p>A <strong>Mesa do Div\u00f3rcio Energ\u00e9tico dos Anjos da Cria\u00e7\u00e3o<\/strong> \u00e9 uma t\u00e9cnica poderosa e eficaz para quem quer se curar das feridas de um relacionamento t\u00f3xico ou infeliz.<\/p><p>Ela pode trazer mais paz, harmonia, autoestima e confian\u00e7a para quem a realiza.<\/p><p>Al\u00e9m disso, ela pode facilitar a atra\u00e7\u00e3o de um novo amor, mais alinhado com a ess\u00eancia e o prop\u00f3sito de cada um.<\/p><p>Se voc\u00ea quer saber mais sobre a<strong> Mesa do Div\u00f3rcio Energ\u00e9tico dos Anjos da Cria\u00e7\u00e3o<\/strong> e como ela pode mudar a sua vida amorosa, entre em contato comigo e agende uma sess\u00e3o.<\/p><p>Posso te orientar e te acompanhar nesse processo de liberta\u00e7\u00e3o e renova\u00e7\u00e3o.<\/p><p><strong>N\u00e3o perca tempo e fa\u00e7a j\u00e1 a sua Mesa do Div\u00f3rcio Energ\u00e9tico dos Anjos da Cria\u00e7\u00e3o!<\/strong><\/p>\t\t\t\t\t\t<\/div>\n\t\t\t\t<\/div>\n\t\t\t\t<div class=\"elementor-element elementor-element-3745cc0 elementor-align-center elementor-invisible elementor-widget elementor-widget-button\" data-id=\"3745cc0\" data-element_type=\"widget\" data-settings=\"{&quot;_animation&quot;:&quot;slideInDown&quot;}\" data-widget_type=\"button.default\">\n\t\t\t\t<div class=\"elementor-widget-container\">\n\t\t\t\t\t<div class=\"elementor-button-wrapper\">\n\t\t\t<a class=\"elementor-button elementor-button-link elementor-size-lg elementor-animation-pulse\" href=\"http:\/\/pag.ae\/7-yhcECVv\">\n\t\t\t\t\t\t<span class=\"elementor-button-content-wrapper\">\n\t\t\t\t\t\t<span class=\"elementor-button-text\">QUERO COMPRAR<\/span>\n\t\t<\/span>\n\t\t\t\t\t<\/a>\n\t\t<\/div>\n\t\t\t\t<\/div>\n\t\t\t\t<\/div>\n\t\t\t\t\t<\/div>\n\t\t<\/div>\n\t\t\t\t\t\t\t<\/div>\n\t\t<\/section>\n\t\t\t\t\t\t\t<\/div>\n\t\t","protected":false},"excerpt":{"rendered":"<p>Mesa para Div\u00f3rcio Energ\u00e9tico QUERO COMPRAR A Mesa do Div\u00f3rcio Energ\u00e9tico dos Anjos da Cria\u00e7\u00e3o \u00e9 uma ferramenta terap\u00eautica que utiliza a energia dos quatro anjos da cria\u00e7\u00e3o: Miguel, Rafael, Gabriel e Uriel para romper os la\u00e7os energ\u00e9ticos que ainda mant\u00eam as pessoas ligadas aos seus ex-parceiros. Esses la\u00e7os podem gerar sofrimento, depend\u00eancia, m\u00e1goas e &hellip;<\/p>\n<p class=\"read-more\"> <a class=\"\" href=\"https:\/\/denizecolaneri.com\/?page_id=806\"> <span class=\"screen-reader-text\">Mesa para Div\u00f3rcio Energ\u00e9tico<\/span> Leia mais &raquo;<\/a><\/p>\n","protected":false},"author":1,"featured_media":0,"parent":0,"menu_order":0,"comment_status":"closed","ping_status":"closed","template":"","meta":{"site-sidebar-layout":"no-sidebar","site-content-layout":"page-builder","ast-global-header-display":"","ast-main-header-display":"","ast-hfb-above-header-display":"","ast-hfb-below-header-display":"","ast-hfb-mobile-header-display":"","site-post-title":"disabled","ast-breadcrumbs-content":"","ast-featured-img":"disabled","footer-sml-layout":"","theme-transparent-header-meta":"","adv-header-id-meta":"","stick-header-meta":"","header-above-stick-meta":"","header-main-stick-meta":"","header-below-stick-meta":"","footnotes":""},"class_list":["post-806","page","type-page","status-publish","hentry"],"_links":{"self":[{"href":"https:\/\/denizecolaneri.com\/index.php?rest_route=\/wp\/v2\/pages\/806"}],"collection":[{"href":"https:\/\/denizecolaneri.com\/index.php?rest_route=\/wp\/v2\/pages"}],"about":[{"href":"https:\/\/denizecolaneri.com\/index.php?rest_route=\/wp\/v2\/types\/page"}],"author":[{"embeddable":true,"href":"https:\/\/denizecolaneri.com\/index.php?rest_route=\/wp\/v2\/users\/1"}],"replies":[{"embeddable":true,"href":"https:\/\/denizecolaneri.com\/index.php?rest_route=%2Fwp%2Fv2%2Fcomments&post=806"}],"version-history":[{"count":48,"href":"https:\/\/denizecolaneri.com\/index.php?rest_route=\/wp\/v2\/pages\/806\/revisions"}],"predecessor-version":[{"id":2093,"href":"https:\/\/denizecolaneri.com\/index.php?rest_route=\/wp\/v2\/pages\/806\/revisions\/2093"}],"wp:attachment":[{"href":"https:\/\/denizecolaneri.com\/index.php?rest_route=%2Fwp%2Fv2%2Fmedia&parent=806"}],"curies":[{"name":"wp","href":"https:\/\/api.w.org\/{rel}","templated":true}]}}